ose -4*y + 0*b = 3*b - 392, s*y - 289 = -b. What are the prime factors of y?
5, 19
Let f(h) = -273*h + 1205. What are the prime factors of f(-84)?
24137
Let n = 183 + -152. Suppose 0 = -41*c + n*c + 2280. List the prime factors of c.
2, 3, 19
Suppose -6*y - 47 = 19. Let u be (-1285)/y + 8/(-396)*-9. Suppose -7*a = q - 6*a - 109, 3*a + u = q. What are the prime factors of q?
3, 37
Let m = 9869 - -6554. List the prime factors of m.
11, 1493
Suppose -f + 2*i + i + 122 = 0, -i - 652 = -5*f. Suppose 1161 = 2*z + 739. Let b = z - f. List the prime factors of b.
2, 5
Let m be (-13)/(-5) + -3 + (-2778)/30. Let k = -88 - m. Suppose 2*d = -2*z + 218, k*z - 4*z + 119 = d. List the prime factors of d.
2, 3, 19
Let g(t) = 6*t**2 - 8*t - 26. Let u(n) = 2*n**2 + 21*n + 22. Let z = -87 + 78. Let d be u(z). What are the prime factors of g(d)?
2, 41
Let t(j) = 1112*j + 111. What are the prime factors of t(6)?
3, 7, 17, 19
Let x = 16740 - 11708. What are the prime factors of x?
2, 17, 37
List the prime factors of ((-9)/(-54))/((-33)/(-1709576)) - 4/18.
2, 3, 1439
Let t(g) = 9*g - 319. Let n be t(36). Suppose -5050 = -n*x - 5*c, -2*x + 1572 + 445 = 3*c. List the prime factors of x.
1013
Suppose 3*m + 30 = -2*m. Let t be 54/15 + m/10. Suppose t*r - 244 = -2*n, -81 = -4*r - 5*n + 235. List the prime factors of r.
2, 3, 7
Let w(o) = 12*o**2 - 3*o + 5. Let m(d) = -d + 1. Let l(x) = -6*m(x) + 3*w(x). What are the prime factors of l(2)?
3, 7
Suppose 10*x + 32 = 7*x + 4*f, -36 = 4*x - 4*f. List the prime factors of x*964/(-8) - (4 + -2).
2, 3, 5
Suppose -31*j + 13595 + 110901 = 0. Suppose 5*c + 2017 = 2*z, -4*c - j = -6*z + 2*z. List the prime factors of z.
7, 11, 13
Let x be (-14870)/(-9) + (-46)/207. Suppose 4*q + 4*v = x, 6*q + 835 = 8*q + 5*v. What are the prime factors of q?
2, 5, 41
Suppose -13 = -4*j - 53. What are the prime factors of 32 + (7 + j - (-1 + -2))?
2
Let l be (-6 - 1107/(-15)) + 1/5. Let m = l - 56. Suppose m*d - 591 = 2097. What are the prime factors of d?
2, 7
Suppose -10*h = -11*h + 5. Suppose 3 = -6*q + h*q. Let x(s) = -5*s**3 + 5*s**2 + 3*s - 4. What are the prime factors of x(q)?
167
Let x be -36*(32/(-6) - -5). Let u be (-30)/x*(8/(-10) + 0). Suppose 5*s - 5*l = 1125, 1111 = -2*s + 7*s + u*l. What are the prime factors of s?
223
Let x(n) = -34*n + 4. Let w be x(-2). Let o = 213 + w. What are the prime factors of o?
3, 5, 19
Suppose 3*f - 5*f = -6. Suppose f*i - 42 - 46 = -2*a, -4*a = i - 46. Suppose 5*l - 4*n = 792, i + 460 = 3*l + 3*n. List the prime factors of l.
2, 5
Let l(u) = 8*u**2 - 19*u + 60. Let c be l(8). Let a = -225 + c. List the prime factors of a.
3, 5, 13
Let v be -6*((-10)/15 - -1) + 5. Suppose -v*o - 1943 = -5*u, -2*u - 5*o = -550 - 252. List the prime factors of u.
17, 23
Let n = -1953 + 4402. Let l = -1115 + n. List the prime factors of l.
2, 23, 29
Let c(j) = -j**2 - 28*j - 26. Let l be c(-13). Let w = l + 840. List the prime factors of w.
1009
Suppose 8*f - 6*f = 0, f = -4*c + 4532. Let d = c - 499. List the prime factors of d.
2, 317
Suppose -r = -o + 4, -7 = 4*r - 2*o + 3. Let a = r - -27. Let g = 128 + a. What are the prime factors of g?
2, 7, 11
Suppose -2*r + 10 = -5*z + 3*z, -52 = -5*r - 4*z. Suppose -r*f + 2*f = -1122. What are the prime factors of f?
11, 17
Suppose 3*h + 156820 - 18733 = 3*q, -4*q + 184130 = 3*h. List the prime factors of q.
191, 241
Let g = 19 - -25. Suppose g*r - 210 = 39*r. Let q = 100 - r. List the prime factors of q.
2, 29
Let i(h) = -7*h**2 - 38*h - 63. Let u(q) = -10*q**2 - 57*q - 94. Let p be 15/(-3)*(-1)/1. Let v(w) = p*u(w) - 7*i(w). List the prime factors of v(-16).
19
List the prime factors of ((-91)/104)/(2/(-4)) - 105977/(-4).
2, 3, 23
Let h be (-98)/(-12) + (55/(-6) - -9). Suppose 0 = h*m - 16*m + 1832. List the prime factors of m.
229
Let t = -567 + 614. Suppose -t*d + 20856 + 9365 = 0. List the prime factors of d.
643
Let a(b) = -1 + 46*b**2 + 3 - 9 + 8 - 3*b. List the prime factors of a(3).
2, 7, 29
Let n(w) be the first derivative of -1131*w**4/4 - 3*w**2 - 7*w + 80. List the prime factors of n(-1).
2, 5, 113
Suppose -5905572 = -355*r + 79*r. What are the prime factors of r?
21397
Let u(f) = 6888*f**2 - 126*f - 417. List the prime factors of u(-3).
3, 107, 193
Let n(q) be the third derivative of q**4/24 + q**3/2 + 16*q**2. Let r be n(0). Suppose t + 18 = 5*c - r*t, 0 = -3*c + 2*t + 10. List the prime factors of c.
2
Let b(s) = 135*s**2 + 42*s - 2 + 37*s - 83*s. What are the prime factors of b(-1)?
137
Let f be (-1 - 2) + (-5211)/(-18)*2. Let z = 143 + f. What are the prime factors of z?
719
Suppose -3*f - 18 = -3*d, 14 + 7 = d - 4*f. List the prime factors of d/5 - (-1064)/5.
3, 71
Suppose y - 2*d + 5 = 0, 0 = -5*y - 6*d + 3*d - 12. List the prime factors of -3 - (22/(-6) - y)*978.
11, 59
Suppose 4*n + 2*d = -408, 0 = d - 6*d. Let q = -87 + n. Let s = -113 - q. What are the prime factors of s?
2, 19
Let t = -3260 - -4079. List the prime factors of t.
3, 7, 13
Suppose 3 = m - 26. Let p(v) = -v**2 + 27*v + 147. List the prime factors of p(m).
89
Let f be 2/3 - (-2)/(-3). Suppose f = -2*s + 3*b + 2*b + 47, -3*s - 5*b + 8 = 0. Suppose -3*q = -259 - s. What are the prime factors of q?
2, 3, 5
Let w be (7 - 3)/(-4)*-17. Suppose 4*t - 2774 = 5*y, -w*t + 21*t + 3*y - 2758 = 0. What are the prime factors of t?
691
Suppose -19*b + 24*b = -3*f + 183078, -109830 = -3*b + f. List the prime factors of b.
2, 3, 113
Let q(s) = -4*s**2 + 3*s + 1. Let b(n) = n**2 - n + 1. Let c be b(1). Let v be q(c). Suppose -2*k + 16 = -v*k. What are the prime factors of k?
2
Suppose -97*u + 112*u = 7215. Let x = 1087 - u. What are the prime factors of x?
2, 3, 101
Let i = 6608 + 2438. List the prime factors of i.
2, 4523
Let g = 3371 - 3014. List the prime factors of g.
3, 7, 17
Suppose 2*j + 4*p + 8 = 18, -j = 3*p - 4. Suppose 2*f = -j*f + 4203. List the prime factors of f.
467
Suppose -26*r = -8*r + 82*r - 1583200. List the prime factors of r.
2, 1979
Let x be (2/(-11) + 24/132)/1. Suppose x*v = 3*v - 78. Let k = v + -1. List the prime factors of k.
5
Let h = 218 + -210. List the prime factors of (h - (6 - -1116))*-1.
2, 557
Let k(a) = 14*a + 4. Let t be k(5). Suppose 4*d = 5*j - 568, -d + j = 67 + t. Let r = -46 - d. What are the prime factors of r?
7, 13
Suppose -c = 2*b + 2*b + 524, -4*c = -3*b + 2058. What are the prime factors of (-1)/4 + c/16*-9?
2, 5, 29
Suppose 2*z + 0*z - 568 = -2*s, -856 = -3*s - 4*z. Suppose 0*w + 4*w = -s. Let d = 151 + w. List the prime factors of d.
3
Let s = -17 + 29. Let z be -3 - ((-12)/(-30) + s/(-5)). List the prime factors of z + (100 - (-3 + 0)).
2, 3, 17
Let l(d) be the second derivative of 5/4*d**4 + 2/3*d**3 + 0 + 27*d + 23/2*d**2. List the prime factors of l(-3).
2, 73
Let k be 20 + -19 - (-8 + 2). Suppose -k*a - 2744 = -15*a. List the prime factors of a.
7
Let s = -5382 + 22500. What are the prime factors of s?
2, 3, 317
What are the prime factors of (58/116)/(2/21676)?
5419
Let u(o) = -84*o**3 + 2*o**2 + 2*o. Let z be u(-1). List the prime factors of 5/((18/6)/z).
2, 5, 7
Let f(k) = k - 7. Let l be f(9). Let b be 540/(-72)*4/10. What are the prime factors of (b/l)/(8/(-880))?
3, 5, 11
Suppose 2*d + 76 = -4*u, -2*d = 4*u - 2*u + 80. Let j = d + 28. List the prime factors of 540/(-126)*j/3.
2, 5
What are the prime factors of (654/763)/(3/742)?
2, 53
Let j(l) = 11*l + 8484. List the prime factors of j(-74).
2, 5, 13, 59
Suppose 4*m = 20*m - 4976. Let u = 1124 - m. List the prime factors of u.
3, 271
Let s = -2381 - -4643. Suppose 9*q - 12*q + s = 0. Suppose 0 = -6*m + q + 146. List the prime factors of m.
2, 3, 5
What are the prime factors of (2 - 0 - -1)*289008/243?
2, 223
Let s(i) = i**3 - 21*i**2 - 63*i - 113. List the prime factors of s(24).
103
Let f be 303 + (4 - 1/(-1)). Let m = f + -183. What are the prime factors of m?
5
Suppose -6*x = -2*x + 3*a - 455, 0 = 2*x + 3*a - 223. List the prime factors of (x + 19)*24/15.
2, 3
Suppose 447*a - 2*w = 448*a - 6519, -6513 = -a + w. List the prime factors of a.
5, 1303
Let a = 763 - 708. Let t = 333 - a. List the prime factors of t.
2, 139
Suppose -2*f + 6*f + 8 = 0. Let v be -2*(-417)/12*f. Let o = v - -350. What are the prime factors of o?
211
Let w(k) be the second derivative of -142*k**3/3 - 78*k**2 - 236*k. List